{"id":463,"date":"2025-07-16T11:01:43","date_gmt":"2025-07-16T09:01:43","guid":{"rendered":"https:\/\/www.binifinques.com\/?page_id=463"},"modified":"2025-07-16T11:20:04","modified_gmt":"2025-07-16T09:20:04","slug":"declaracion-de-accesibilidad","status":"publish","type":"page","link":"https:\/\/www.binifinques.com\/index.php\/declaracion-de-accesibilidad\/","title":{"rendered":"Declaraci\u00f3n de Accesibilidad"},"content":{"rendered":"<p>[et_pb_section fb_built=\u00bb1&#8243; theme_builder_area=\u00bbpost_content\u00bb _builder_version=\u00bb4.27.4&#8243; _module_preset=\u00bbdefault\u00bb][et_pb_row _builder_version=\u00bb4.27.4&#8243; _module_preset=\u00bbdefault\u00bb theme_builder_area=\u00bbpost_content\u00bb][et_pb_column _builder_version=\u00bb4.27.4&#8243; _module_preset=\u00bbdefault\u00bb type=\u00bb4_4&#8243; theme_builder_area=\u00bbpost_content\u00bb][et_pb_code _builder_version=\u00bb4.27.4&#8243; _module_preset=\u00bbdefault\u00bb theme_builder_area=\u00bbpost_content\u00bb hover_enabled=\u00bb0&#8243; sticky_enabled=\u00bb0&#8243;]<pee>Binifinques, despacho de Administraci\u00f3n de Fincas, se ha comprometido a hacer accesible su sitio web, de conformidad con las pautas WCAG 2.1 hasta el nivel AA.<\/pee><!-- [et_pb_line_break_holder] --><pee>La presente declaraci\u00f3n de accesibilidad se aplica al sitio web www.binifinques.com:<\/pee><!-- [et_pb_line_break_holder] --><\/p>\n<h2>Situaci\u00f3n de cumplimiento<\/h2>\n<p><!-- [et_pb_line_break_holder] --><pee>Este sitio web es plenamente conforme con las pautas WCAG 2.1 hasta el nivel AA<\/pee><!-- [et_pb_line_break_holder] --><\/p>\n<h2>Preparaci\u00f3n de la presente declaraci\u00f3n de accesibilidad<\/h2>\n<p><!-- [et_pb_line_break_holder] --><pee>La presente declaraci\u00f3n fue preparada el 16 de Julio de 2025.<\/pee><!-- [et_pb_line_break_holder] --><pee>El m\u00e9todo empleado para preparar la declaraci\u00f3n ha sido una autoevaluaci\u00f3n llevada a cabo por el propio desarrollador del sitio web.<\/pee><!-- [et_pb_line_break_holder] --><\/p>\n<h2>Observaciones y datos de contacto<\/h2>\n<p><!-- [et_pb_line_break_holder] --><pee>Puede realizar comunicaciones sobre requisitos de accesibilidad como, por ejemplo:<\/pee><!-- [et_pb_line_break_holder] --><\/p>\n<ul><!-- [et_pb_line_break_holder] --><\/p>\n<li>Informar sobre cualquier posible incumplimiento por parte de este sitio web<\/li>\n<p><!-- [et_pb_line_break_holder] --><\/p>\n<li>Transmitir otras dificultades de acceso al contenido<\/li>\n<p><!-- [et_pb_line_break_holder] --><\/p>\n<li>Formular cualquier otra consulta o sugerencia de mejora relativa a la accesibilidad del sitio web<\/li>\n<p><!-- [et_pb_line_break_holder] --><\/ul>\n<p><!-- [et_pb_line_break_holder] --><pee>A trav\u00e9s del formulario de contacto de este sitio web o a trav\u00e9s del n\u00famero de tel\u00e9fono (+34)\u00a0644 003 230.<\/pee><!-- [et_pb_line_break_holder] --><pee>Tambi\u00e9n puede acudir a nuestras oficinas ubicadas en la\u00a0Carrer Font Obrador, 18B, 07609 Badia Gran, Illes Balears<\/pee><!-- [et_pb_line_break_holder] --><pee>Puede presentar:<\/pee><!-- [et_pb_line_break_holder] --><\/p>\n<ul><!-- [et_pb_line_break_holder] --><\/p>\n<li>Queja relativa al cumplimiento de los requisitos de WCAG 2.1<\/li>\n<p><!-- [et_pb_line_break_holder] --><\/p>\n<li>Solicitud de Informaci\u00f3n accesible relativa a:<\/li>\n<p><!-- [et_pb_line_break_holder] --><\/p>\n<ul><!-- [et_pb_line_break_holder] --><\/p>\n<li>Contenidos que est\u00e1n excluidos del \u00e1mbito de aplicaci\u00f3n de WCAG 2.1<\/li>\n<p><!-- [et_pb_line_break_holder] --><\/p>\n<li>Contenidos que est\u00e1n exentos del cumplimiento de los requisitos de accesibilidad por imponer una carga desproporcionada<\/li>\n<p><!-- [et_pb_line_break_holder] --><\/ul>\n<p><!-- [et_pb_line_break_holder] --><\/ul>\n<p><!-- [et_pb_line_break_holder] --><pee>Las quejas y reclamaciones sobre informaci\u00f3n accesible se realizar\u00e1n a trav\u00e9s de correo electr\u00f3nico, y ser\u00e1n recibidas y tratadas por la empresa.<\/pee><!-- [et_pb_line_break_holder] --><\/p>\n<h2>Contenido opcional<\/h2>\n<p><!-- [et_pb_line_break_holder] --><pee>Este portal est\u00e1 dise\u00f1ado para poder cambiar el tama\u00f1o del texto y el color, as\u00ed como el fondo de la p\u00e1gina mediante las opciones de configuraci\u00f3n est\u00e1ndar de los navegadores.<\/pee><!-- [et_pb_line_break_holder] --><pee>Si desea cambiar el tama\u00f1o de letra del texto en los principales navegadores gr\u00e1ficos utilice los siguientes men\u00fas:<\/pee><!-- [et_pb_line_break_holder] --><\/p>\n<ul><!-- [et_pb_line_break_holder] --><\/p>\n<li>Internet Explorer, y Mozilla Firefox: Ver > Tama\u00f1o del texto<\/li>\n<p><!-- [et_pb_line_break_holder] --><\/p>\n<li>Opera: Ver > Zoom<\/li>\n<p><!-- [et_pb_line_break_holder] --><\/p>\n<li>Safari: Ver > Hacer el texto m\u00e1s grande<\/li>\n<p><!-- [et_pb_line_break_holder] --><\/p>\n<li>Chrome: Controla la p\u00e1gina actual > Tama\u00f1o del texto<\/li>\n<p><!-- [et_pb_line_break_holder] --><\/p>\n<li>Para modificar el tama\u00f1o de todo en la p\u00e1gina:<\/li>\n<p><!-- [et_pb_line_break_holder] --><\/p>\n<ul><!-- [et_pb_line_break_holder] --><\/p>\n<li>Ctrl + + para aumentarlo<\/li>\n<p><!-- [et_pb_line_break_holder] --><\/p>\n<li>Ctrl + \u2013 para disminuirlo<\/li>\n<p><!-- [et_pb_line_break_holder] --><\/p>\n<li>Ctrl + 0 restaura el tama\u00f1o original del texto<\/li>\n<p><!-- [et_pb_line_break_holder] --><\/p>\n<li>Si lo que quiere es anular la hoja de estilos o modificar el color del texto, puede consultar la p\u00e1gina How to Change Text Size or Colors de la WAI, que se puede leer traducida al espa\u00f1ol en \u00bfC\u00f3mo cambiar el tama\u00f1o del texto o colores?<\/li>\n<p><!-- [et_pb_line_break_holder] --><\/ul>\n<p><!-- [et_pb_line_break_holder] --><\/ul>\n<p><!-- [et_pb_line_break_holder] --><pee>Si requiere cualquier asistencia t\u00e9cnica adicional, puede contactar con\u00a0Binifinques a trav\u00e9s del tel\u00e9fono: (+34) 644 003 230<\/pee>[\/et_pb_code][\/et_pb_column][\/et_pb_row][\/et_pb_section]<\/p>\n","protected":false},"excerpt":{"rendered":"","protected":false},"author":1,"featured_media":0,"parent":0,"menu_order":0,"comment_status":"closed","ping_status":"closed","template":"","meta":{"_et_pb_use_builder":"on","_et_pb_old_content":"","_et_gb_content_width":"","footnotes":""},"class_list":["post-463","page","type-page","status-publish","hentry"],"aioseo_notices":[],"_links":{"self":[{"href":"https:\/\/www.binifinques.com\/index.php\/wp-json\/wp\/v2\/pages\/463","targetHints":{"allow":["GET"]}}],"collection":[{"href":"https:\/\/www.binifinques.com\/index.php\/wp-json\/wp\/v2\/pages"}],"about":[{"href":"https:\/\/www.binifinques.com\/index.php\/wp-json\/wp\/v2\/types\/page"}],"author":[{"embeddable":true,"href":"https:\/\/www.binifinques.com\/index.php\/wp-json\/wp\/v2\/users\/1"}],"replies":[{"embeddable":true,"href":"https:\/\/www.binifinques.com\/index.php\/wp-json\/wp\/v2\/comments?post=463"}],"version-history":[{"count":3,"href":"https:\/\/www.binifinques.com\/index.php\/wp-json\/wp\/v2\/pages\/463\/revisions"}],"predecessor-version":[{"id":467,"href":"https:\/\/www.binifinques.com\/index.php\/wp-json\/wp\/v2\/pages\/463\/revisions\/467"}],"wp:attachment":[{"href":"https:\/\/www.binifinques.com\/index.php\/wp-json\/wp\/v2\/media?parent=463"}],"curies":[{"name":"wp","href":"https:\/\/api.w.org\/{rel}","templated":true}]}}